{"id":3,"date":"2019-10-16T12:17:39","date_gmt":"2019-10-16T12:17:39","guid":{"rendered":"https:\/\/criaimpacto.com\/elmafe\/?page_id=3"},"modified":"2022-09-06T09:28:22","modified_gmt":"2022-09-06T09:28:22","slug":"politica-de-privacidad","status":"publish","type":"page","link":"https:\/\/elmafe.pt\/espanol\/politica-de-privacidad\/","title":{"rendered":"Pol\u00edtica de privacidad"},"content":{"rendered":"<div class=\"wpb-content-wrapper\"><p>[vc_row][vc_column][vc_column_text]<\/p>\r\n<h1 class=\"wp-block-heading\"><strong>ELMAFE Y LA PROTECCI\u00d3N DE DATOS PERSONALES<\/strong><\/h1>\r\n<p>ELMAFE es una empresa especializada en la fabricaci\u00f3n, instalaci\u00f3n, comercializaci\u00f3n y reparaci\u00f3n de estructuras met\u00e1licas. Como parte de nuestra actividad empresarial y para cumplir con la legislaci\u00f3n y satisfacer las necesidades de nuestros clientes, as\u00ed como el desarrollo de la empresa, tratamos los datos personales de empleados, clientes, proveedores y otras partes interesadas. Lo hacemos con pleno respeto a la privacidad y los derechos de los titulares de los datos personales, con el fin de mantener relaciones duraderas de confianza mutua.<\/p>\r\n<p>&nbsp;<\/p>\r\n<p><strong>ELMAFE \u2013 Estructuras y Antenas Unipessoal Lda.<\/strong><\/p>\r\n<p>Responsable de la protecci\u00f3n de datos personales<\/p>\r\n<p>Tel\u00e9fono: +351 21 932 85 57; Correo electr\u00f3nico: <a href=\"about:blank\">geral@elmafe.pt<\/a><\/p>\r\n<p>Direcci\u00f3n: Rua Major Jo\u00e3o Luis Moura \u2013 Armazem U, 1685-253 Fam\u00f5es<\/p>\r\n<p>&nbsp;<\/p>\r\n<p>&nbsp;<\/p>\r\n<h1><strong>C\u00d3MO RECOPILAMOS DATOS PERSONALES<\/strong><\/h1>\r\n<ol>\r\n<li>Datos facilitados por el interesado<\/li>\r\n<\/ol>\r\n<p>Recopilamos los datos personales proporcionados por las personas interesadas en el marco de la ejecuci\u00f3n del contrato de trabajo y la relaci\u00f3n laboral, la ejecuci\u00f3n de solicitudes de proyectos, la gesti\u00f3n de especificaciones y proyectos, el proceso de contrataci\u00f3n y la recepci\u00f3n de solicitudes no solicitadas, solicitudes de informaci\u00f3n. a trav\u00e9s de la p\u00e1gina web, p\u00e1gina de facebook , contactos derivados de la participaci\u00f3n en eventos y relaciones comerciales con proveedores, clientes y otras partes interesadas.<\/p>\r\n<p>En general, recabamos datos de identificaci\u00f3n (nombre, n\u00famero de identificaci\u00f3n fiscal, n\u00famero de tarjeta de ciudadano, entre otros que sean necesarios para la finalidad de que se trate), datos de contacto (direcci\u00f3n de correo electr\u00f3nico, tel\u00e9fono de contacto) y otros datos personales profesionales (empresa, funci\u00f3n , datos curriculares, etc.).<\/p>\r\n<p>En la medida en que lo estimemos necesario, y siempre que est\u00e9 justificado, recabamos y tratamos los consentimientos de los titulares de los datos personales.<\/p>\r\n<p>&nbsp;<\/p>\r\n<ol start=\"2\">\r\n<li>Datos proporcionados por entidades distintas al titular de los datos personales<\/li>\r\n<\/ol>\r\n<p>Recopilamos datos personales disponibles al p\u00fablico en revistas y publicaciones especializadas, y otros obtenidos durante eventos p\u00fablicos, sobre clientes, proveedores y otras partes interesadas relevantes, en el contexto de la ejecuci\u00f3n de contratos, la participaci\u00f3n en eventos y el mantenimiento de relaciones comerciales y de negocios. \/relaciones organizacionales.<\/p>\r\n<p>&nbsp;<\/p>\r\n<p><strong>C\u00f3mo procesamos y usamos los datos personales<\/strong><\/p>\r\n<p>El tratamiento de los datos personales se realiza mediante procesos autom\u00e1ticos y manuales, con medidas y controles tecnol\u00f3gicos y organizativos apropiados y acordes con la respectiva protecci\u00f3n y conservaci\u00f3n. Estas medidas incluyen la gesti\u00f3n de la autenticaci\u00f3n y el acceso a los sistemas e instalaciones, la gesti\u00f3n de los perfiles de uso del sistema, la gesti\u00f3n controlada de la capacidad del sistema y las copias de seguridad, el acceso controlado a la informaci\u00f3n restringida, en cualquier medio, el uso de herramientas antivirus y antispam, as\u00ed como as\u00ed como un cortafuegos, la celebraci\u00f3n de compromisos de confidencialidad y secreto profesional con los empleados y la utilizaci\u00f3n de t\u00e9cnicas m\u00e1s robustas como el cifrado de datos o el cifrado de dispositivos, cuando sea necesario.<\/p>\r\n<p>&nbsp;<\/p>\r\n<p><strong>Por qu\u00e9 procesamos datos personales<\/strong><\/p>\r\n<p>La recolecci\u00f3n, procesamiento, uso, almacenamiento y procesamiento de datos personales se lleva a cabo para dar cumplimiento a contratos y obligaciones legales derivadas de nuestra actividad comercial, en el marco de nuestro inter\u00e9s leg\u00edtimo en brindar mejores servicios a los clientes, as\u00ed como \u00fanicamente para enviar informaci\u00f3n. en cualquier soporte, sobre nuestros productos y servicios, apoyado en la gesti\u00f3n del consentimiento por parte de los titulares de los datos personales, cuando as\u00ed se justifique.<\/p>\r\n<p>&nbsp;<\/p>\r\n<p><strong>C\u00f3mo almacenamos y por qu\u00e9 transferimos datos personales<\/strong><\/p>\r\n<p>Los datos personales se conservan mientras dure la relaci\u00f3n contractual con ELMAFE, durante la duraci\u00f3n legal obligatoria o mientras dure el inter\u00e9s mutuo en su conservaci\u00f3n, es decir, hasta la retirada del consentimiento al obtenerlo. Podr\u00e1n ser cedidos, con las mismas finalidades, a las entidades obligadas por la ley o a terceros, destinados al desempe\u00f1o de las actividades inherentes al contrato de trabajo, la ejecuci\u00f3n de contratos con clientes y el inter\u00e9s leg\u00edtimo de nuestra actividad empresarial y comercial. . . Siempre que la compartici\u00f3n se realice con terceros fuera del Espacio Econ\u00f3mico Europeo, ser\u00e1n tratados de acuerdo con las recomendaciones del Reglamento General de Protecci\u00f3n de Datos.<\/p>\r\n<p>Para otras finalidades donde sea necesario compartir datos personales, solicitamos el consentimiento de los respectivos titulares.<\/p>\r\n<p>&nbsp;<\/p>\r\n<h1><strong>GALLETAS<\/strong><\/h1>\r\n<p>Como parte de la gesti\u00f3n del sitio web de la empresa, es posible utilizar y gestionar cookies para mejorar su experiencia de usuario.<\/p>\r\n<p>&nbsp;<\/p>\r\n<p><strong>\u00bfQu\u00e9 son las galletas?<\/strong><\/p>\r\n<p>Las \u00abcookies\u00bb son peque\u00f1as balizas de software que se almacenan en el dispositivo del usuario a trav\u00e9s del navegador (navegador), conservando \u00fanicamente la informaci\u00f3n relativa a sus preferencias, y sin incluir ning\u00fan otro dato personal.<\/p>\r\n<p><strong>\u00a0<\/strong><\/p>\r\n<p><strong>\u00bfPara qu\u00e9 se utilizan las cookies?<\/strong><\/p>\r\n<p>Las cookies se utilizan para ayudar a determinar la utilidad, el inter\u00e9s y el n\u00famero de usos de los sitios web, lo que permite una navegaci\u00f3n m\u00e1s r\u00e1pida y eficiente, eliminando la necesidad de ingresar repetidamente la misma informaci\u00f3n.<\/p>\r\n<p>&nbsp;<\/p>\r\n<p><strong>\u00bfC\u00f3mo puedes gestionar las cookies?<\/strong><\/p>\r\n<p>Todos los navegadores permiten al usuario aceptar, rechazar o eliminar las cookies, en particular, seleccionando la configuraci\u00f3n adecuada en el navegador respectivo. Puede configurar las cookies en el men\u00fa de \u00abopciones\u00bb o \u00abpreferencias\u00bb de su navegador.<\/p>\r\n<p>Al deshabilitar las cookies, puede impedir que ciertos servicios de la web funcionen correctamente, afectando, en parte o en su totalidad, a la navegaci\u00f3n por el sitio web.<\/p>\r\n<p>&nbsp;<\/p>\r\n<p><strong>Derechos de los titulares de datos personales<\/strong><\/p>\r\n<p>Garantizamos el cumplimiento de la legislaci\u00f3n vigente en materia de privacidad y protecci\u00f3n de datos personales, habiendo organizado nuestros procesos para responder de manera eficaz a las solicitudes de acceso y consulta de datos personales, actualizaci\u00f3n, modificaci\u00f3n o entrega en un formato estructurado y actual, en su caso.<\/p>\r\n<p>Se podr\u00e1 solicitar la supresi\u00f3n, limitaci\u00f3n y oposici\u00f3n al tratamiento y el cese del tratamiento automatizado de los datos personales para la gesti\u00f3n del perfil, as\u00ed como la portabilidad de los datos, en el caso de solicitudes de conformidad con la legislaci\u00f3n en fuerza. El consentimiento puede ser retirado en los casos en que haya sido solicitado.<\/p>\r\n<p>Los titulares de datos personales podr\u00e1n reclamar sobre el tratamiento respectivo ante la autoridad nacional de control, la Comisi\u00f3n Nacional de Protecci\u00f3n de Datos.<\/p>\r\n<p>Cualquier informaci\u00f3n adicional, aclaraci\u00f3n de dudas o reclamos respecto al tratamiento de datos personales puede obtenerse dirigi\u00e9ndose a:<\/p>\r\n<p>&nbsp;<\/p>\r\n<p><strong>ELMAFE \u2013 Estructuras y Antenas Unipessoal Lda.<\/strong><\/p>\r\n<p>Responsable de la protecci\u00f3n de datos personales<\/p>\r\n<p>Tel\u00e9fono: +351 21 932 85 57; Correo electr\u00f3nico: <a href=\"about:blank\">geral@elmafe.pt<\/a><\/p>\r\n<p>Direcci\u00f3n: Rua Major Jo\u00e3o Luis Moura \u2013 Armazem U, 1685-253 Fam\u00f5es<\/p>\r\n\r\n<p>&nbsp;<\/p>\r\n<p>[\/vc_column_text][vc_empty_space height=\u00bb22px\u00bb]<div class=\" ubtn-ctn-left \"><a class=\"ubtn-link ult-adjust-bottom-margin ubtn-left ubtn-normal \" href=\"https:\/\/elmafe.pt\/espanol\/\" title=\"Infraestruturas\" ><button type=\"button\" id=\"ubtn-9399\"  class=\"ubtn ult-adjust-bottom-margin ult-responsive ubtn-normal ubtn-fade-bg  none  ubtn-left   tooltip-69d2418b5202c\"  data-hover=\"#1e73be\" data-border-color=\"#14376f\" data-bg=\"rgba(255,255,255,0.01)\" data-hover-bg=\"#ffffff\" data-border-hover=\"#1e73be\" data-shadow-hover=\"\" data-shadow-click=\"none\" data-shadow=\"\" data-shd-shadow=\"\"  data-ultimate-target='#ubtn-9399'  data-responsive-json-new='{\"font-size\":\"desktop:14px;\",\"line-height\":\"\"}'  style=\"font-family:&#039;Raleway&#039;;font-weight:500;border-radius:1px;border-width:1px;border-color:#14376f;border-style:solid;background: rgba(255,255,255,0.01);color: #14376f;\"><span class=\"ubtn-hover\" style=\"background-color:#ffffff\"><\/span><span class=\"ubtn-data ubtn-text \" >HOMEPAGE<\/span><\/button><\/a><\/div>[\/vc_column][\/vc_row]<\/p><\/div>","protected":false},"excerpt":{"rendered":"<p>[vc_row][vc_column][vc_column_text] ELMAFE Y LA PROTECCI\u00d3N DE DATOS PERSONALES ELMAFE es una empresa especializada en la fabricaci\u00f3n, instalaci\u00f3n, comercializaci\u00f3n y reparaci\u00f3n de estructuras met\u00e1licas. Como parte de nuestra actividad empresarial y para cumplir con la legislaci\u00f3n y satisfacer las necesidades de nuestros clientes, as\u00ed como el desarrollo de la empresa, tratamos los datos personales de empleados,&hellip;<\/p>\n","protected":false},"author":1,"featured_media":0,"parent":0,"menu_order":0,"comment_status":"closed","ping_status":"closed","template":"","meta":{"inline_featured_image":false,"footnotes":""},"aioseo_notices":[],"_links":{"self":[{"href":"https:\/\/elmafe.pt\/espanol\/wp-json\/wp\/v2\/pages\/3"}],"collection":[{"href":"https:\/\/elmafe.pt\/espanol\/wp-json\/wp\/v2\/pages"}],"about":[{"href":"https:\/\/elmafe.pt\/espanol\/wp-json\/wp\/v2\/types\/page"}],"author":[{"embeddable":true,"href":"https:\/\/elmafe.pt\/espanol\/wp-json\/wp\/v2\/users\/1"}],"replies":[{"embeddable":true,"href":"https:\/\/elmafe.pt\/espanol\/wp-json\/wp\/v2\/comments?post=3"}],"version-history":[{"count":5,"href":"https:\/\/elmafe.pt\/espanol\/wp-json\/wp\/v2\/pages\/3\/revisions"}],"predecessor-version":[{"id":740,"href":"https:\/\/elmafe.pt\/espanol\/wp-json\/wp\/v2\/pages\/3\/revisions\/740"}],"wp:attachment":[{"href":"https:\/\/elmafe.pt\/espanol\/wp-json\/wp\/v2\/media?parent=3"}],"curies":[{"name":"wp","href":"https:\/\/api.w.org\/{rel}","templated":true}]}}