{"id":148,"date":"2019-10-24T17:05:22","date_gmt":"2019-10-24T17:05:22","guid":{"rendered":"https:\/\/criaimpacto.com\/elmafe\/?page_id=148"},"modified":"2022-09-06T10:13:45","modified_gmt":"2022-09-06T10:13:45","slug":"certifications","status":"publish","type":"page","link":"https:\/\/elmafe.pt\/francais\/certifications\/","title":{"rendered":"Certifications"},"content":{"rendered":"\t\t<div data-elementor-type=\"wp-page\" data-elementor-id=\"148\" class=\"elementor elementor-148\">\n\t\t\t\t\t\t<section class=\"elementor-section elementor-top-section elementor-element elementor-element-7a329b27 elementor-section-stretched elementor-section-boxed elementor-section-height-default elementor-section-height-default\" data-id=\"7a329b27\" data-element_type=\"section\" data-settings=\"{&quot;stretch_section&quot;:&quot;section-stretched&quot;,&quot;background_background&quot;:&quot;video&quot;,&quot;background_video_link&quot;:&quot;https:\\\/\\\/elmafe.pt\\\/certificacoes.mp4&quot;,&quot;background_play_on_mobile&quot;:&quot;yes&quot;}\">\n\t\t\t\t\t\t\t\t<div class=\"elementor-background-video-container\">\n\t\t\t\t\t\t\t\t\t\t\t\t\t<video class=\"elementor-background-video-hosted elementor-html5-video\" autoplay muted playsinline loop><\/video>\n\t\t\t\t\t\t\t\t\t\t\t<\/div>\n\t\t\t\t\t\t\t\t\t<div class=\"elementor-background-overlay\"><\/div>\n\t\t\t\t\t\t\t<div class=\"elementor-container elementor-column-gap-default\">\n\t\t\t\t\t<div class=\"elementor-column elementor-col-100 elementor-top-column elementor-element elementor-element-5f607c3e\" data-id=\"5f607c3e\" data-element_type=\"column\">\n\t\t\t<div class=\"elementor-widget-wrap elementor-element-populated\">\n\t\t\t\t\t\t<div class=\"elementor-element elementor-element-39c8426d elementor-widget elementor-widget-heading\" data-id=\"39c8426d\" data-element_type=\"widget\" data-widget_type=\"heading.default\">\n\t\t\t\t<div class=\"elementor-widget-container\">\n\t\t\t\t\t<h1 class=\"elementor-heading-title elementor-size-default\">CERTIFICATIONS <\/h1>\t\t\t\t<\/div>\n\t\t\t\t<\/div>\n\t\t\t\t\t<\/div>\n\t\t<\/div>\n\t\t\t\t\t<\/div>\n\t\t<\/section>\n\t\t\t\t<section class=\"elementor-section elementor-top-section elementor-element elementor-element-249df272 elementor-section-stretched elementor-section-boxed elementor-section-height-default elementor-section-height-default\" data-id=\"249df272\" data-element_type=\"section\" data-settings=\"{&quot;stretch_section&quot;:&quot;section-stretched&quot;}\">\n\t\t\t\t\t\t<div class=\"elementor-container elementor-column-gap-default\">\n\t\t\t\t\t<div class=\"elementor-column elementor-col-100 elementor-top-column elementor-element elementor-element-369e4eda\" data-id=\"369e4eda\" data-element_type=\"column\">\n\t\t\t<div class=\"elementor-widget-wrap elementor-element-populated\">\n\t\t\t\t\t\t<div class=\"elementor-element elementor-element-34f87392 elementor-widget elementor-widget-spacer\" data-id=\"34f87392\" data-element_type=\"widget\" data-widget_type=\"spacer.default\">\n\t\t\t\t<div class=\"elementor-widget-container\">\n\t\t\t\t\t\t\t<div class=\"elementor-spacer\">\n\t\t\t<div class=\"elementor-spacer-inner\"><\/div>\n\t\t<\/div>\n\t\t\t\t\t\t<\/div>\n\t\t\t\t<\/div>\n\t\t\t\t<div class=\"elementor-element elementor-element-7e09f79 elementor-widget elementor-widget-heading\" data-id=\"7e09f79\" data-element_type=\"widget\" data-widget_type=\"heading.default\">\n\t\t\t\t<div class=\"elementor-widget-container\">\n\t\t\t\t\t<h2 class=\"elementor-heading-title elementor-size-default\"><h2>ENVIRONNEMENT ET S\u00c9CURIT\u00c9 ET SANT\u00c9 AU TRAVAIL<\/h2><\/h2>\t\t\t\t<\/div>\n\t\t\t\t<\/div>\n\t\t\t\t<div class=\"elementor-element elementor-element-8dd47dc elementor-widget elementor-widget-text-editor\" data-id=\"8dd47dc\" data-element_type=\"widget\" data-widget_type=\"text-editor.default\">\n\t\t\t\t<div class=\"elementor-widget-container\">\n\t\t\t\t\t\t\t\t\t<p><strong>NOUS ASSUMONS UNE POLITIQUE RIGOUREUSE DE QUALIT\u00c9, D&rsquo;ENVIRONNEMENT ET DE S\u00c9CURIT\u00c9.<\/strong><\/p>\t\t\t\t\t\t\t\t<\/div>\n\t\t\t\t<\/div>\n\t\t\t\t<div class=\"elementor-element elementor-element-5473baa5 elementor-widget elementor-widget-spacer\" data-id=\"5473baa5\" data-element_type=\"widget\" data-widget_type=\"spacer.default\">\n\t\t\t\t<div class=\"elementor-widget-container\">\n\t\t\t\t\t\t\t<div class=\"elementor-spacer\">\n\t\t\t<div class=\"elementor-spacer-inner\"><\/div>\n\t\t<\/div>\n\t\t\t\t\t\t<\/div>\n\t\t\t\t<\/div>\n\t\t\t\t\t<\/div>\n\t\t<\/div>\n\t\t\t\t\t<\/div>\n\t\t<\/section>\n\t\t\t\t<section class=\"elementor-section elementor-top-section elementor-element elementor-element-32cd4f5 elementor-section-stretched elementor-section-boxed elementor-section-height-default elementor-section-height-default\" data-id=\"32cd4f5\" data-element_type=\"section\" data-settings=\"{&quot;stretch_section&quot;:&quot;section-stretched&quot;}\">\n\t\t\t\t\t\t<div class=\"elementor-container elementor-column-gap-extended\">\n\t\t\t\t\t<div class=\"elementor-column elementor-col-100 elementor-top-column elementor-element elementor-element-1cfab1e5\" data-id=\"1cfab1e5\" data-element_type=\"column\">\n\t\t\t<div class=\"elementor-widget-wrap elementor-element-populated\">\n\t\t\t\t\t\t<div class=\"elementor-element elementor-element-36dfd56b elementor-widget elementor-widget-text-editor\" data-id=\"36dfd56b\" data-element_type=\"widget\" data-widget_type=\"text-editor.default\">\n\t\t\t\t<div class=\"elementor-widget-container\">\n\t\t\t\t\t\t\t\t\t<p>Les t\u00e9l\u00e9communications jouent un r\u00f4le tr\u00e8s important, non seulement dans la soci\u00e9t\u00e9 en g\u00e9n\u00e9ral, mais aussi dans le processus de mondialisation, permettant et facilitant la communication entre les personnes et les entreprises, cr\u00e9ant une impulsion dans l&rsquo;\u00e9conomie des pays en g\u00e9n\u00e9ral, \u00e9tant l&rsquo;un des segments de march\u00e9 qui a actuellement une plus grande croissance et expansion, tant au Portugal que dans le monde.<\/p>\t\t\t\t\t\t\t\t<\/div>\n\t\t\t\t<\/div>\n\t\t\t\t\t<\/div>\n\t\t<\/div>\n\t\t\t\t\t<\/div>\n\t\t<\/section>\n\t\t\t\t<section class=\"elementor-section elementor-top-section elementor-element elementor-element-63b6007a elementor-section-boxed elementor-section-height-default elementor-section-height-default\" data-id=\"63b6007a\" data-element_type=\"section\">\n\t\t\t\t\t\t<div class=\"elementor-container elementor-column-gap-default\">\n\t\t\t\t\t<div class=\"elementor-column elementor-col-100 elementor-top-column elementor-element elementor-element-4540e869\" data-id=\"4540e869\" data-element_type=\"column\">\n\t\t\t<div class=\"elementor-widget-wrap elementor-element-populated\">\n\t\t\t\t\t\t<div class=\"elementor-element elementor-element-7a273b62 elementor-widget elementor-widget-spacer\" data-id=\"7a273b62\" data-element_type=\"widget\" data-widget_type=\"spacer.default\">\n\t\t\t\t<div class=\"elementor-widget-container\">\n\t\t\t\t\t\t\t<div class=\"elementor-spacer\">\n\t\t\t<div class=\"elementor-spacer-inner\"><\/div>\n\t\t<\/div>\n\t\t\t\t\t\t<\/div>\n\t\t\t\t<\/div>\n\t\t\t\t\t<\/div>\n\t\t<\/div>\n\t\t\t\t\t<\/div>\n\t\t<\/section>\n\t\t\t\t<section class=\"elementor-section elementor-top-section elementor-element elementor-element-2dd3de4c elementor-section-stretched elementor-section-boxed elementor-section-height-default elementor-section-height-default\" data-id=\"2dd3de4c\" data-element_type=\"section\" data-settings=\"{&quot;stretch_section&quot;:&quot;section-stretched&quot;,&quot;background_background&quot;:&quot;video&quot;,&quot;background_video_link&quot;:&quot;https:\\\/\\\/elmafe.pt\\\/certificacao_l.mp4&quot;,&quot;background_play_on_mobile&quot;:&quot;yes&quot;}\">\n\t\t\t\t\t\t\t\t<div class=\"elementor-background-video-container\">\n\t\t\t\t\t\t\t\t\t\t\t\t\t<video class=\"elementor-background-video-hosted elementor-html5-video\" autoplay muted playsinline loop><\/video>\n\t\t\t\t\t\t\t\t\t\t\t<\/div>\n\t\t\t\t\t\t\t\t\t<div class=\"elementor-background-overlay\"><\/div>\n\t\t\t\t\t\t\t<div class=\"elementor-container elementor-column-gap-default\">\n\t\t\t\t\t<div class=\"elementor-column elementor-col-100 elementor-top-column elementor-element elementor-element-72c3bcd9\" data-id=\"72c3bcd9\" data-element_type=\"column\">\n\t\t\t<div class=\"elementor-widget-wrap elementor-element-populated\">\n\t\t\t\t\t\t<div class=\"elementor-element elementor-element-c848ec8 elementor-widget elementor-widget-spacer\" data-id=\"c848ec8\" data-element_type=\"widget\" data-widget_type=\"spacer.default\">\n\t\t\t\t<div class=\"elementor-widget-container\">\n\t\t\t\t\t\t\t<div class=\"elementor-spacer\">\n\t\t\t<div class=\"elementor-spacer-inner\"><\/div>\n\t\t<\/div>\n\t\t\t\t\t\t<\/div>\n\t\t\t\t<\/div>\n\t\t\t\t<div class=\"elementor-element elementor-element-c68e5cb elementor-widget elementor-widget-heading\" data-id=\"c68e5cb\" data-element_type=\"widget\" data-widget_type=\"heading.default\">\n\t\t\t\t<div class=\"elementor-widget-container\">\n\t\t\t\t\t<h2 class=\"elementor-heading-title elementor-size-default\"><h2><p style=\"color:white\">CERTIFICATIONS<\/p><\/h2><\/h2>\t\t\t\t<\/div>\n\t\t\t\t<\/div>\n\t\t\t\t<section class=\"elementor-section elementor-inner-section elementor-element elementor-element-1c2fe29 elementor-section-boxed elementor-section-height-default elementor-section-height-default\" data-id=\"1c2fe29\" data-element_type=\"section\">\n\t\t\t\t\t\t<div class=\"elementor-container elementor-column-gap-default\">\n\t\t\t\t\t<div class=\"elementor-column elementor-col-50 elementor-inner-column elementor-element elementor-element-0520de1\" data-id=\"0520de1\" data-element_type=\"column\">\n\t\t\t<div class=\"elementor-widget-wrap elementor-element-populated\">\n\t\t\t\t\t\t<div class=\"elementor-element elementor-element-a3f8b65 icon-vertical-align-center content-align-left icon-box-vertical-align-top icon-position-left elementor-widget elementor-widget-the7_icon_box_widget\" data-id=\"a3f8b65\" data-element_type=\"widget\" data-widget_type=\"the7_icon_box_widget.default\">\n\t\t\t\t<div class=\"elementor-widget-container\">\n\t\t\t\t\t\n\t\t<div class=\"the7-box-wrapper the7-elementor-widget the7_icon_box_widget-a3f8b65\">\t\t\t<div class=\"box-content-wrapper\">\n\t\t\t\t\t\t\t\t\t<a class=\"elementor-icon-div\" >\t\t\t\t\t\t<div class=\"elementor-icon\">\n\t\t\t\t\t\t\t<svg xmlns=\"http:\/\/www.w3.org\/2000\/svg\" xmlns:xlink=\"http:\/\/www.w3.org\/1999\/xlink\" id=\"Layer_1\" x=\"0px\" y=\"0px\" viewBox=\"0 0 32 32\" style=\"enable-background:new 0 0 32 32;\" xml:space=\"preserve\"><style type=\"text\/css\">\t.st0{fill:#FEFEFE;}<\/style><g>\t<path class=\"st0\" d=\"M18,11.5c-2.2-1-4.9-0.2-6.1,2c-0.3,0.6-0.5,1.2-0.6,1.8l-9.1,0.1c0.1-2.2,0.7-4.5,1.9-6.5  c3.8-6.4,12-8.6,18.5-5.1L18,11.5z\"><\/path>\t<path class=\"st0\" d=\"M21.8,28.6c-4,1.8-8.8,1.7-12.9-0.7c-4.2-2.5-6.6-6.8-6.8-11.3l9-0.1c0.2,1.5,1,2.9,2.4,3.7  c1.3,0.8,2.8,0.9,4.1,0.4L21.8,28.6z\"><\/path>\t<path class=\"st0\" d=\"M27.9,23.1c-1.3,2.1-3,3.8-5.1,5l-4.2-8c0.6-0.4,1.1-0.9,1.5-1.6c1.3-2.1,0.7-4.9-1.2-6.3l4.6-7.8  C29.8,8.4,31.8,16.7,27.9,23.1\"><\/path>\t<path class=\"st0\" d=\"M19.4,18c-1.1,1.9-3.5,2.5-5.4,1.4c-1.9-1.1-2.5-3.5-1.4-5.4c1.1-1.9,3.5-2.5,5.4-1.4  C19.9,13.7,20.5,16.1,19.4,18\"><\/path>\t<path class=\"st0\" d=\"M4.4,25.6C-0.9,19.2,0,9.7,6.4,4.4c0.4-0.3,0.8-0.6,1.2-0.9L7.1,2.7C6.7,3,6.2,3.3,5.8,3.7  C-1,9.3-1.9,19.4,3.7,26.2c1,1.2,2.2,2.2,3.4,3.1l0.5-0.8C6.4,27.7,5.3,26.7,4.4,25.6\"><\/path>\t<path class=\"st0\" d=\"M31,16.9c0,0.2,0,0.4,0,0.5c-0.4,4-2.3,7.6-5.4,10.2c-4.1,3.4-9.7,4.4-14.7,2.6c-0.8-0.3-1.6-0.6-2.3-1.1  l-0.4,0.8c0.8,0.4,1.6,0.8,2.4,1.1c5.3,1.9,11.3,0.8,15.6-2.8c3.3-2.7,5.3-6.6,5.7-10.8c0-0.2,0-0.4,0-0.6L31,16.9z\"><\/path>\t<path class=\"st0\" d=\"M28.3,5.8c-1.8-2.2-4.2-3.9-6.9-4.8c-4.3-1.5-9.1-1.1-13,1l0.4,0.8c3.7-2,8.2-2.4,12.3-1  c2.5,0.9,4.8,2.5,6.5,4.6c2.2,2.6,3.4,5.9,3.5,9.3l0.9,0C31.9,12.1,30.6,8.6,28.3,5.8\"><\/path><\/g><\/svg>\t\t\t\t\t\t<\/div>\n\t\t\t\t\t<\/a>\t\t\t\t\t\t\t\t<div class=\"box-content\">\n\t\t\t\t\t\t\t\t\t\t\t\t\t\t\t\t\t<h1 class=\"box-heading\">\n\t\t\t\t\t\t\t<a >\t\t\t\t\t\t\t\t<b>ISO 9001<\/b> Gestion de la qualit\u00e9 \t\t\t\t\t\t\t<\/a>\t\t\t\t\t\t<\/h1>\n\t\t\t\t\t\t\t\t\t\t\n\t\t\t\t\t\n\t\t\t\t<\/div>\n\t\t\t<\/div>\n\t\t<\/div>\t\t\t\t\t<\/div>\n\t\t\t\t<\/div>\n\t\t\t\t<div class=\"elementor-element elementor-element-28a53b3 icon-vertical-align-center content-align-left icon-box-vertical-align-top icon-position-left elementor-widget elementor-widget-the7_icon_box_widget\" data-id=\"28a53b3\" data-element_type=\"widget\" data-widget_type=\"the7_icon_box_widget.default\">\n\t\t\t\t<div class=\"elementor-widget-container\">\n\t\t\t\t\t\n\t\t<div class=\"the7-box-wrapper the7-elementor-widget the7_icon_box_widget-28a53b3\">\t\t\t<div class=\"box-content-wrapper\">\n\t\t\t\t\t\t\t\t\t<a class=\"elementor-icon-div\" >\t\t\t\t\t\t<div class=\"elementor-icon\">\n\t\t\t\t\t\t\t<svg xmlns=\"http:\/\/www.w3.org\/2000\/svg\" xmlns:xlink=\"http:\/\/www.w3.org\/1999\/xlink\" id=\"Layer_1\" x=\"0px\" y=\"0px\" viewBox=\"0 0 32 32\" style=\"enable-background:new 0 0 32 32;\" xml:space=\"preserve\"><style type=\"text\/css\">\t.st0{fill:#FEFEFE;}<\/style><g>\t<path class=\"st0\" d=\"M18,11.5c-2.2-1-4.9-0.2-6.1,2c-0.3,0.6-0.5,1.2-0.6,1.8l-9.1,0.1c0.1-2.2,0.7-4.5,1.9-6.5  c3.8-6.4,12-8.6,18.5-5.1L18,11.5z\"><\/path>\t<path class=\"st0\" d=\"M21.8,28.6c-4,1.8-8.8,1.7-12.9-0.7c-4.2-2.5-6.6-6.8-6.8-11.3l9-0.1c0.2,1.5,1,2.9,2.4,3.7  c1.3,0.8,2.8,0.9,4.1,0.4L21.8,28.6z\"><\/path>\t<path class=\"st0\" d=\"M27.9,23.1c-1.3,2.1-3,3.8-5.1,5l-4.2-8c0.6-0.4,1.1-0.9,1.5-1.6c1.3-2.1,0.7-4.9-1.2-6.3l4.6-7.8  C29.8,8.4,31.8,16.7,27.9,23.1\"><\/path>\t<path class=\"st0\" d=\"M19.4,18c-1.1,1.9-3.5,2.5-5.4,1.4c-1.9-1.1-2.5-3.5-1.4-5.4c1.1-1.9,3.5-2.5,5.4-1.4  C19.9,13.7,20.5,16.1,19.4,18\"><\/path>\t<path class=\"st0\" d=\"M4.4,25.6C-0.9,19.2,0,9.7,6.4,4.4c0.4-0.3,0.8-0.6,1.2-0.9L7.1,2.7C6.7,3,6.2,3.3,5.8,3.7  C-1,9.3-1.9,19.4,3.7,26.2c1,1.2,2.2,2.2,3.4,3.1l0.5-0.8C6.4,27.7,5.3,26.7,4.4,25.6\"><\/path>\t<path class=\"st0\" d=\"M31,16.9c0,0.2,0,0.4,0,0.5c-0.4,4-2.3,7.6-5.4,10.2c-4.1,3.4-9.7,4.4-14.7,2.6c-0.8-0.3-1.6-0.6-2.3-1.1  l-0.4,0.8c0.8,0.4,1.6,0.8,2.4,1.1c5.3,1.9,11.3,0.8,15.6-2.8c3.3-2.7,5.3-6.6,5.7-10.8c0-0.2,0-0.4,0-0.6L31,16.9z\"><\/path>\t<path class=\"st0\" d=\"M28.3,5.8c-1.8-2.2-4.2-3.9-6.9-4.8c-4.3-1.5-9.1-1.1-13,1l0.4,0.8c3.7-2,8.2-2.4,12.3-1  c2.5,0.9,4.8,2.5,6.5,4.6c2.2,2.6,3.4,5.9,3.5,9.3l0.9,0C31.9,12.1,30.6,8.6,28.3,5.8\"><\/path><\/g><\/svg>\t\t\t\t\t\t<\/div>\n\t\t\t\t\t<\/a>\t\t\t\t\t\t\t\t<div class=\"box-content\">\n\t\t\t\t\t\t\t\t\t\t\t\t\t\t\t\t\t<h1 class=\"box-heading\">\n\t\t\t\t\t\t\t<a >\t\t\t\t\t\t\t\t<b>ISO 45001<\/b> Gestion de la sant\u00e9 et de la s\u00e9curit\u00e9 au travail \t\t\t\t\t\t\t<\/a>\t\t\t\t\t\t<\/h1>\n\t\t\t\t\t\t\t\t\t\t\n\t\t\t\t\t\n\t\t\t\t<\/div>\n\t\t\t<\/div>\n\t\t<\/div>\t\t\t\t\t<\/div>\n\t\t\t\t<\/div>\n\t\t\t\t\t<\/div>\n\t\t<\/div>\n\t\t\t\t<div class=\"elementor-column elementor-col-50 elementor-inner-column elementor-element elementor-element-f9d26b7\" data-id=\"f9d26b7\" data-element_type=\"column\">\n\t\t\t<div class=\"elementor-widget-wrap elementor-element-populated\">\n\t\t\t\t\t\t<div class=\"elementor-element elementor-element-0d4bd9e icon-vertical-align-center content-align-left icon-box-vertical-align-top icon-position-left elementor-widget elementor-widget-the7_icon_box_widget\" data-id=\"0d4bd9e\" data-element_type=\"widget\" data-widget_type=\"the7_icon_box_widget.default\">\n\t\t\t\t<div class=\"elementor-widget-container\">\n\t\t\t\t\t\n\t\t<div class=\"the7-box-wrapper the7-elementor-widget the7_icon_box_widget-0d4bd9e\">\t\t\t<div class=\"box-content-wrapper\">\n\t\t\t\t\t\t\t\t\t<a class=\"elementor-icon-div\" >\t\t\t\t\t\t<div class=\"elementor-icon\">\n\t\t\t\t\t\t\t<svg xmlns=\"http:\/\/www.w3.org\/2000\/svg\" xmlns:xlink=\"http:\/\/www.w3.org\/1999\/xlink\" id=\"Layer_1\" x=\"0px\" y=\"0px\" viewBox=\"0 0 32 32\" style=\"enable-background:new 0 0 32 32;\" xml:space=\"preserve\"><style type=\"text\/css\">\t.st0{fill:#FEFEFE;}<\/style><g>\t<path class=\"st0\" d=\"M18,11.5c-2.2-1-4.9-0.2-6.1,2c-0.3,0.6-0.5,1.2-0.6,1.8l-9.1,0.1c0.1-2.2,0.7-4.5,1.9-6.5  c3.8-6.4,12-8.6,18.5-5.1L18,11.5z\"><\/path>\t<path class=\"st0\" d=\"M21.8,28.6c-4,1.8-8.8,1.7-12.9-0.7c-4.2-2.5-6.6-6.8-6.8-11.3l9-0.1c0.2,1.5,1,2.9,2.4,3.7  c1.3,0.8,2.8,0.9,4.1,0.4L21.8,28.6z\"><\/path>\t<path class=\"st0\" d=\"M27.9,23.1c-1.3,2.1-3,3.8-5.1,5l-4.2-8c0.6-0.4,1.1-0.9,1.5-1.6c1.3-2.1,0.7-4.9-1.2-6.3l4.6-7.8  C29.8,8.4,31.8,16.7,27.9,23.1\"><\/path>\t<path class=\"st0\" d=\"M19.4,18c-1.1,1.9-3.5,2.5-5.4,1.4c-1.9-1.1-2.5-3.5-1.4-5.4c1.1-1.9,3.5-2.5,5.4-1.4  C19.9,13.7,20.5,16.1,19.4,18\"><\/path>\t<path class=\"st0\" d=\"M4.4,25.6C-0.9,19.2,0,9.7,6.4,4.4c0.4-0.3,0.8-0.6,1.2-0.9L7.1,2.7C6.7,3,6.2,3.3,5.8,3.7  C-1,9.3-1.9,19.4,3.7,26.2c1,1.2,2.2,2.2,3.4,3.1l0.5-0.8C6.4,27.7,5.3,26.7,4.4,25.6\"><\/path>\t<path class=\"st0\" d=\"M31,16.9c0,0.2,0,0.4,0,0.5c-0.4,4-2.3,7.6-5.4,10.2c-4.1,3.4-9.7,4.4-14.7,2.6c-0.8-0.3-1.6-0.6-2.3-1.1  l-0.4,0.8c0.8,0.4,1.6,0.8,2.4,1.1c5.3,1.9,11.3,0.8,15.6-2.8c3.3-2.7,5.3-6.6,5.7-10.8c0-0.2,0-0.4,0-0.6L31,16.9z\"><\/path>\t<path class=\"st0\" d=\"M28.3,5.8c-1.8-2.2-4.2-3.9-6.9-4.8c-4.3-1.5-9.1-1.1-13,1l0.4,0.8c3.7-2,8.2-2.4,12.3-1  c2.5,0.9,4.8,2.5,6.5,4.6c2.2,2.6,3.4,5.9,3.5,9.3l0.9,0C31.9,12.1,30.6,8.6,28.3,5.8\"><\/path><\/g><\/svg>\t\t\t\t\t\t<\/div>\n\t\t\t\t\t<\/a>\t\t\t\t\t\t\t\t<div class=\"box-content\">\n\t\t\t\t\t\t\t\t\t\t\t\t\t\t\t\t\t<h1 class=\"box-heading\">\n\t\t\t\t\t\t\t<a >\t\t\t\t\t\t\t\t<b>EN 1090 EXC2<\/b>\u00a0Marquage CE des structures m\u00e9talliques\t\t\t\t\t\t\t<\/a>\t\t\t\t\t\t<\/h1>\n\t\t\t\t\t\t\t\t\t\t\n\t\t\t\t\t\n\t\t\t\t<\/div>\n\t\t\t<\/div>\n\t\t<\/div>\t\t\t\t\t<\/div>\n\t\t\t\t<\/div>\n\t\t\t\t<div class=\"elementor-element elementor-element-d965590 icon-vertical-align-center content-align-left icon-box-vertical-align-top icon-position-left elementor-widget elementor-widget-the7_icon_box_widget\" data-id=\"d965590\" data-element_type=\"widget\" data-widget_type=\"the7_icon_box_widget.default\">\n\t\t\t\t<div class=\"elementor-widget-container\">\n\t\t\t\t\t\n\t\t<div class=\"the7-box-wrapper the7-elementor-widget the7_icon_box_widget-d965590\">\t\t\t<div class=\"box-content-wrapper\">\n\t\t\t\t\t\t\t\t\t<a class=\"elementor-icon-div\" >\t\t\t\t\t\t<div class=\"elementor-icon\">\n\t\t\t\t\t\t\t<svg xmlns=\"http:\/\/www.w3.org\/2000\/svg\" xmlns:xlink=\"http:\/\/www.w3.org\/1999\/xlink\" id=\"Layer_1\" x=\"0px\" y=\"0px\" viewBox=\"0 0 32 32\" style=\"enable-background:new 0 0 32 32;\" xml:space=\"preserve\"><style type=\"text\/css\">\t.st0{fill:#FEFEFE;}<\/style><g>\t<path class=\"st0\" d=\"M18,11.5c-2.2-1-4.9-0.2-6.1,2c-0.3,0.6-0.5,1.2-0.6,1.8l-9.1,0.1c0.1-2.2,0.7-4.5,1.9-6.5  c3.8-6.4,12-8.6,18.5-5.1L18,11.5z\"><\/path>\t<path class=\"st0\" d=\"M21.8,28.6c-4,1.8-8.8,1.7-12.9-0.7c-4.2-2.5-6.6-6.8-6.8-11.3l9-0.1c0.2,1.5,1,2.9,2.4,3.7  c1.3,0.8,2.8,0.9,4.1,0.4L21.8,28.6z\"><\/path>\t<path class=\"st0\" d=\"M27.9,23.1c-1.3,2.1-3,3.8-5.1,5l-4.2-8c0.6-0.4,1.1-0.9,1.5-1.6c1.3-2.1,0.7-4.9-1.2-6.3l4.6-7.8  C29.8,8.4,31.8,16.7,27.9,23.1\"><\/path>\t<path class=\"st0\" d=\"M19.4,18c-1.1,1.9-3.5,2.5-5.4,1.4c-1.9-1.1-2.5-3.5-1.4-5.4c1.1-1.9,3.5-2.5,5.4-1.4  C19.9,13.7,20.5,16.1,19.4,18\"><\/path>\t<path class=\"st0\" d=\"M4.4,25.6C-0.9,19.2,0,9.7,6.4,4.4c0.4-0.3,0.8-0.6,1.2-0.9L7.1,2.7C6.7,3,6.2,3.3,5.8,3.7  C-1,9.3-1.9,19.4,3.7,26.2c1,1.2,2.2,2.2,3.4,3.1l0.5-0.8C6.4,27.7,5.3,26.7,4.4,25.6\"><\/path>\t<path class=\"st0\" d=\"M31,16.9c0,0.2,0,0.4,0,0.5c-0.4,4-2.3,7.6-5.4,10.2c-4.1,3.4-9.7,4.4-14.7,2.6c-0.8-0.3-1.6-0.6-2.3-1.1  l-0.4,0.8c0.8,0.4,1.6,0.8,2.4,1.1c5.3,1.9,11.3,0.8,15.6-2.8c3.3-2.7,5.3-6.6,5.7-10.8c0-0.2,0-0.4,0-0.6L31,16.9z\"><\/path>\t<path class=\"st0\" d=\"M28.3,5.8c-1.8-2.2-4.2-3.9-6.9-4.8c-4.3-1.5-9.1-1.1-13,1l0.4,0.8c3.7-2,8.2-2.4,12.3-1  c2.5,0.9,4.8,2.5,6.5,4.6c2.2,2.6,3.4,5.9,3.5,9.3l0.9,0C31.9,12.1,30.6,8.6,28.3,5.8\"><\/path><\/g><\/svg>\t\t\t\t\t\t<\/div>\n\t\t\t\t\t<\/a>\t\t\t\t\t\t\t\t<div class=\"box-content\">\n\t\t\t\t\t\t\t\t\t\t\t\t\t\t\t\t\t<h1 class=\"box-heading\">\n\t\t\t\t\t\t\t<a >\t\t\t\t\t\t\t\t<b>ISO 14001<\/b>\u00a0Gestion environnementale \t\t\t\t\t\t\t<\/a>\t\t\t\t\t\t<\/h1>\n\t\t\t\t\t\t\t\t\t\t\n\t\t\t\t\t\n\t\t\t\t<\/div>\n\t\t\t<\/div>\n\t\t<\/div>\t\t\t\t\t<\/div>\n\t\t\t\t<\/div>\n\t\t\t\t\t<\/div>\n\t\t<\/div>\n\t\t\t\t\t<\/div>\n\t\t<\/section>\n\t\t\t\t<div class=\"elementor-element elementor-element-6e5fe188 elementor-widget elementor-widget-spacer\" data-id=\"6e5fe188\" data-element_type=\"widget\" data-widget_type=\"spacer.default\">\n\t\t\t\t<div class=\"elementor-widget-container\">\n\t\t\t\t\t\t\t<div class=\"elementor-spacer\">\n\t\t\t<div class=\"elementor-spacer-inner\"><\/div>\n\t\t<\/div>\n\t\t\t\t\t\t<\/div>\n\t\t\t\t<\/div>\n\t\t\t\t<div class=\"elementor-element elementor-element-d317d00 elementor-widget elementor-widget-spacer\" data-id=\"d317d00\" data-element_type=\"widget\" data-widget_type=\"spacer.default\">\n\t\t\t\t<div class=\"elementor-widget-container\">\n\t\t\t\t\t\t\t<div class=\"elementor-spacer\">\n\t\t\t<div class=\"elementor-spacer-inner\"><\/div>\n\t\t<\/div>\n\t\t\t\t\t\t<\/div>\n\t\t\t\t<\/div>\n\t\t\t\t<div class=\"elementor-element elementor-element-8cba11b elementor-widget elementor-widget-heading\" data-id=\"8cba11b\" data-element_type=\"widget\" data-widget_type=\"heading.default\">\n\t\t\t\t<div class=\"elementor-widget-container\">\n\t\t\t\t\t<h2 class=\"elementor-heading-title elementor-size-default\"><h2><p style=\"color:white\">POLITIQUE DU SYST\u00c8ME DE GESTION INT\u00c9GR\u00c9E<\/p><\/h2><\/h2>\t\t\t\t<\/div>\n\t\t\t\t<\/div>\n\t\t\t\t<div class=\"elementor-element elementor-element-693547d icon-vertical-align-center e-transform content-align-left icon-box-vertical-align-top icon-position-left elementor-widget elementor-widget-the7_icon_box_widget\" data-id=\"693547d\" data-element_type=\"widget\" data-settings=\"{&quot;_transform_scale_effect_hover&quot;:{&quot;unit&quot;:&quot;px&quot;,&quot;size&quot;:0.98,&quot;sizes&quot;:[]},&quot;_transform_scale_effect_hover_tablet&quot;:{&quot;unit&quot;:&quot;px&quot;,&quot;size&quot;:&quot;&quot;,&quot;sizes&quot;:[]},&quot;_transform_scale_effect_hover_mobile&quot;:{&quot;unit&quot;:&quot;px&quot;,&quot;size&quot;:&quot;&quot;,&quot;sizes&quot;:[]}}\" data-widget_type=\"the7_icon_box_widget.default\">\n\t\t\t\t<div class=\"elementor-widget-container\">\n\t\t\t\t\t\n\t\t<div class=\"the7-box-wrapper the7-elementor-widget the7_icon_box_widget-693547d\">\t\t\t<div class=\"box-content-wrapper\">\n\t\t\t\t\t\t\t\t\t<a class=\"elementor-icon-div\" href=\"https:\/\/elmafe.pt\/wp-content\/uploads\/2022\/03\/Poli\u0301tica_do_SGI.pdf\" target=\"_blank\">\t\t\t\t\t\t<div class=\"elementor-icon\">\n\t\t\t\t\t\t\t<i aria-hidden=\"true\" class=\"far fa-file-pdf\"><\/i>\t\t\t\t\t\t<\/div>\n\t\t\t\t\t<\/a>\t\t\t\t\t\t\t\t<div class=\"box-content\">\n\t\t\t\t\t\t\t\t\t\t\t\t\t\t\t\t\t<h1 class=\"box-heading\">\n\t\t\t\t\t\t\t<a href=\"https:\/\/elmafe.pt\/wp-content\/uploads\/2022\/03\/Poli\u0301tica_do_SGI.pdf\" target=\"_blank\">\t\t\t\t\t\t\t\t<b>T\u00c9L\u00c9CHARGER LA POLITIQUE SGI<\/b>\t\t\t\t\t\t\t<\/a>\t\t\t\t\t\t<\/h1>\n\t\t\t\t\t\t\t\t\t\t\n\t\t\t\t\t\n\t\t\t\t<\/div>\n\t\t\t<\/div>\n\t\t<\/div>\t\t\t\t\t<\/div>\n\t\t\t\t<\/div>\n\t\t\t\t\t<\/div>\n\t\t<\/div>\n\t\t\t\t\t<\/div>\n\t\t<\/section>\n\t\t\t\t<\/div>\n\t\t","protected":false},"excerpt":{"rendered":"<p>CERTIFICATIONS ENVIRONNEMENT ET S\u00c9CURIT\u00c9 ET SANT\u00c9 AU TRAVAIL NOUS ASSUMONS UNE POLITIQUE RIGOUREUSE DE QUALIT\u00c9, D&rsquo;ENVIRONNEMENT ET DE S\u00c9CURIT\u00c9. Les t\u00e9l\u00e9communications jouent un r\u00f4le tr\u00e8s important, non seulement dans la soci\u00e9t\u00e9 en g\u00e9n\u00e9ral, mais aussi dans le processus de mondialisation, permettant et facilitant la communication entre les personnes et les entreprises, cr\u00e9ant une impulsion dans&hellip;<\/p>\n","protected":false},"author":1,"featured_media":0,"parent":0,"menu_order":0,"comment_status":"closed","ping_status":"closed","template":"elementor_theme","meta":{"inline_featured_image":false,"footnotes":""},"class_list":["post-148","page","type-page","status-publish","hentry"],"aioseo_notices":[],"_links":{"self":[{"href":"https:\/\/elmafe.pt\/francais\/wp-json\/wp\/v2\/pages\/148","targetHints":{"allow":["GET"]}}],"collection":[{"href":"https:\/\/elmafe.pt\/francais\/wp-json\/wp\/v2\/pages"}],"about":[{"href":"https:\/\/elmafe.pt\/francais\/wp-json\/wp\/v2\/types\/page"}],"author":[{"embeddable":true,"href":"https:\/\/elmafe.pt\/francais\/wp-json\/wp\/v2\/users\/1"}],"replies":[{"embeddable":true,"href":"https:\/\/elmafe.pt\/francais\/wp-json\/wp\/v2\/comments?post=148"}],"version-history":[{"count":65,"href":"https:\/\/elmafe.pt\/francais\/wp-json\/wp\/v2\/pages\/148\/revisions"}],"predecessor-version":[{"id":803,"href":"https:\/\/elmafe.pt\/francais\/wp-json\/wp\/v2\/pages\/148\/revisions\/803"}],"wp:attachment":[{"href":"https:\/\/elmafe.pt\/francais\/wp-json\/wp\/v2\/media?parent=148"}],"curies":[{"name":"wp","href":"https:\/\/api.w.org\/{rel}","templated":true}]}}